 is divided by i.
7
Suppose 4*c = -5 - 15. Let n(z) = -z - 8. Let h be n(c). What is the remainder when (h + 1)/((-4)/170) is divided by 29?
27
Let m = -1162 + 1209. Calculate the remainder when 500 is divided by m.
30
Calculate the remainder when 44 is divided by (26/(-39))/(2*(-5)/480).
12
Suppose 16 = 3*o - c - 211, 4*c - 202 = -3*o. What is the remainder when o is divided by 13?
9
Let j(g) = 3*g**3 - 23*g**2 - 20*g - 9. What is the remainder when j(9) is divided by 46?
43
Let s(a) = -a**2 + 17*a - 7. Let d be s(12). Let q = d - 1. What is the remainder when q is divided by 11?
8
Let o be ((-76)/(-8))/(-3 - 14/(-4)). Let c = o + -14. Calculate the remainder when 24 is divided by c.
4
Suppose 0 = 39*p - 37*p - 718. What is the remainder when p is divided by 14?
9
Let h = 269 + 166. What is the remainder when h is divided by 19?
17
Suppose q + 74 = 4*k - q, -21 = -k + 3*q. Let v = k + -27. Let m = 11 + v. What is the remainder when 5 is divided by m?
1
Let v(j) = 2 - 4*j**2 + 6*j - 4*j + 16*j**2. Suppose -2*t - 19 = -5*b, 0 = -3*t - 3*b - 8 + 11. Calculate the remainder when v(t) is divided by 16.
14
Let o(v) = v + 21. Let q(l) = l**3 - l**2 + l - 11. Let t be q(0). Let f = 48 + -11. Calculate the remainder when f is divided by o(t).
7
Suppose -187 = -2*m - m - 5*z, -5*m + 322 = -2*z. Let x(c) = -c**3 - 7*c**2 + 8*c + 3. Let t be x(-8). What is the remainder when m is divided by t/12 + 201/12?
13
Let h = -22 + 182. What is the remainder when h is divided by 27?
25
Let u = -446 - -561. What is the remainder when u is divided by 21?
10
Suppose -q + 29 = -4*v, 0*v - v = -5*q + 126. Suppose 18 - 35 = -j. Suppose 3*s + 5*i = j, 2*s - 22 = 4*i + 26. Calculate the remainder when q is divided by s.
11
Let d(p) = -222*p**3 - 2*p**2 - p. Let w be d(-1). Suppose 4*k - w = -1. Calculate the remainder when k is divided by 29.
26
Let q(p) = -201*p + 920. What is the remainder when q(-8) is divided by 110?
108
Let z be -7*(-2 + (2 - 1)). Suppose z*r = 2*r + 110. Let a(o) = -o**3 - 2*o**2 - 2*o - 3. What is the remainder when r is divided by a(-3)?
10
Calculate the remainder when 56 is divided by (0 - 3) + 5 - -16.
2
Let a = 34 - 4. What is the remainder when 76 is divided by a?
16
Calculate the remainder when 180 is divided by -4*26/(-8) + (-8)/4.
4
Suppose -6*q - 17 = -7*q. Suppose 3*y - 4*b = 0, -2*y = -3*b + 6*b + q. What is the remainder when 13 is divided by (-3)/(y/(128/12))?
5
Calculate the remainder when (5 - (-20 - (4 + 1))) + 2 is divided by 18.
14
Let d(h) = -h**2 + 8*h + 7. Let i be d(4). Let v = 68 - i. What is the remainder when v is divided by 13?
6
Suppose -2*y + 951 = 151. Suppose 2*c - 3 = 3, 5*c - y = -5*d. Suppose -4*g + 11 = -d. What is the remainder when 43 is divided by g?
21
Suppose -17 + 15 = p. Calculate the remainder when (1 + 71/p)*196/(-147) is divided by 12.
10
Suppose 0 = 6*b - 824 - 112. Suppose 0 = 4*a + 2*a - b. What is the remainder when 44 is divided by a?
18
Suppose -4*o + f - 3*f + 24 = 0, -f = -o + 3. Let r = 33 - 34. Calculate the remainder when (o/(-15))/(r/27) is divided by 6.
3
Let g(w) = w**3 - 15*w**2 + 15*w - 11. Let n be g(14). Let j(m) = m**2 + m - 6. What is the remainder when 10 is divided by j(n)?
4
Let k(m) = -2*m**2 + 74*m + 6. What is the remainder when k(36) is divided by 20?
18
Let o = 147 - 147. Let l(c) = c**3 + c + 67. What is the remainder when l(o) is divided by 35?
32
Let a = -65 + 72. Suppose 6*u = a*u - 19. What is the remainder when 129 is divided by u?
15
Calculate the remainder when 296 is divided by 4 + (-28)/(4 - 8).
10
Calculate the remainder when 148 is divided by (-4)/3*855/(-76).
13
Suppose -g = 5*n - 4, 2*g - 12 = -4*n + 2. What is the remainder when (-30)/5*44/(-16)*2 is divided by g?
6
Let g(c) = c**2 - 4*c - 5. Let l be g(5). Suppose l = -3*n - n + 200. Suppose 5*h - t = 8 + 49, 4*h = 3*t + n. Calculate the remainder when 19 is divided by h.
8
Suppose 6*v - 83 - 121 = 0. Calculate the remainder when 67 is divided by v.
33
What is the remainder when 6/(-2) - (-4 + (-830)/5) is divided by 14?
13
Suppose -4821 + 22047 = 27*i. Calculate the remainder when i is divided by 40.
38
Calculate the remainder when 16 is divided by 6 + (360/126)/((-4)/(-14)).
0
Suppose 0 = 3*t - 4*f + 7*f + 24, 2*t + 4*f + 8 = 0. Let c = t - -12. Calculate the remainder when (-37 + c)*(-16 + 15) is divided by 19.
18
Let n = 10 - -16. Suppose -j + 6 = s - 0, 0 = -2*s + 5*j + 19. What is the remainder when n is divided by s?
5
Let w be -2 - 1*394/(-2). Suppose 0 - w = -u. Suppose 0 = -2*k - s + 101, 7*k - 3*k = 5*s + u. Calculate the remainder when k is divided by 13.
11
Suppose 2*c - 38 = -c + 4*a, -8 = -3*c - 2*a. Suppose -2*j + c = -0*j. Calculate the remainder when 93 is divided by -3 + (31 - (j + 1)).
21
Suppose m + 0*t - 2*t = 36, 5*m = t + 207. Calculate the remainder when 164 is divided by m.
38
Let s(w) = 7*w**2 + 4*w + 3. Suppose q = -3*q + 256. What is the remainder when q is divided by s(-2)?
18
Suppose -4*i + 4*x + 80 = 0, 11 = -4*i + 5*i + 2*x. Calculate the remainder when (15 - i) + 33 + 0 is divided by 8.
7
Let y(q) = 25*q + 20. Calculate the remainder when y(1) is divided by 6.
3
Suppose 5*p = -y - 15, 0*p + 60 = 4*y - 4*p. Calculate the remainder when 71 is divided by y.
1
Let j(a) = -29*a + 1. Suppose -356 = -5*h - 3*n - 73, -5*h - 4*n + 279 = 0. Calculate the remainder when h is divided by j(-1).
29
Suppose 19 = u + 3*z, 11*u = 7*u - z + 131. What is the remainder when 42 is divided by u?
8
Let t = 149 + 124. Calculate the remainder when t is divided by 40.
33
Suppose -3*q = 7 - 217. Suppose 58*w = 1651 - 201. What is the remainder when q is divided by w?
20
Suppose 24*m = 21*m + 57. Let j = -2 - -2. Suppose -2*r = -j*r - 70. What is the remainder when r is divided by m?
16
Calculate the remainder when 2397/102*3*(-2)/(-3) is divided by 12.
11
Suppose 2*o = 4*o - 104. Let k = 80 - o. Calculate the remainder when k is divided by 17.
11
Let l be (-7)/((-84)/9)*24. Let a = -17 + l. Calculate the remainder when 55 is divided by 0 + a - 4 - -17.
13
Let m = 2 + 3. Calculate the remainder when 27 is divided by 1*-4 - (m - 16).
6
Let x = 29 - 14. Suppose 6 = h - w, -4*w - 12 = -5*h + x. Calculate the remainder when (h - 321/9)*-3 is divided by 20.
18
Let d = 71 + -69. Suppose -2*k - 454 = -5*z + d*k, 2*z + 3*k = 200. What is the remainder when z is divided by 27?
13
Let p be (-86)/(-30) + 18/135. Suppose 64 + 5 = p*u. Calculate the remainder when 63 is divided by u.
17
Suppose -2*m + 117 = 3*q - 202, 4*q = -m + 417. Calculate the remainder when q is divided by 21.
19
Suppose -5*g - 5*q = -90, 3*g + 9*q - 4*q - 64 = 0. Suppose -9*y = -5*y - 124. What is the remainder when y is divided by (g + -1)/((-18)/(-12))?
7
Suppose -6*p + 41 = 17. Let t(a) = 0*a + 4*a + 2*a**2 + p*a - 4*a. Calculate the remainder when t(4) is divided by 10.
8
Let j = -234 - -257. Calculate the remainder when 90 is divided by j.
21
Suppose -2*r + 35 = 5*s, -5*r - 15*s + 14*s + 122 = 0. Calculate the remainder when 169 is divided by r.
19
Suppose -5*s + m - 25 = -4*s, 5*s - 3*m = -121. Let l = 32 + s. What is the remainder when 40 is divided by l?
4
Suppose 6*h - 35 = -5*v + h, 0 = -5*v + 4*h - 10. What is the remainder when 4 is divided by v?
0
Let h(s) = -s**3 + 9*s**2 - 2*s + 12. Let x be h(9). Let q(z) = -14*z - 58. Calculate the remainder when 76 is divided by q(x).
24
Let j(k) = 4*k + 49. Let t = 1 - -13. What is the remainder when j(t) is divided by 54?
51
Let p = -92 + 247. Calculate the remainder when p is divided by 39.
38
Suppose 7*r + 48 = -36. Let i(t) = -t**2 - 17*t - 8. What is the remainder when i(r) is divided by (4/(-10))/((-9)/405)?
16
Suppose 726 = 5*m - 4*r, 5*r - 441 = -3*m + 2*r. What is the remainder when m is divided by 115?
31
Let v(c) = -c**3 + 4*c**2 + 4*c - 3. Let n be v(3). Suppose 3*g - n = 27. Calculate the remainder when 117/(-7 - -10) - -4 is divided by g.
13
Let m = -48 + 67. What is the remainder when 27 is divided by m?
8
Let w be 12/(-32) - 107/(-8). Suppose -5*y + 15 = -0*y. Suppose -4*g + 4*n = -40, y*g + n - 1 = w. Calculate the remainder when g is divided by 3.
0
Let w = 70 - 65. Suppose -2*i + 224 = p, -w*i = 3*p + 2*p - 1140. Calculate the remainder when p is divided by 26.
24
Suppos